{"id":53,"date":"2017-06-15T17:42:32","date_gmt":"2017-06-15T17:42:32","guid":{"rendered":"http:\/\/banderasamigusto.com\/site\/contacto\/"},"modified":"2017-08-03T12:26:46","modified_gmt":"2017-08-03T18:26:46","slug":"contacto","status":"publish","type":"page","link":"http:\/\/banderasamigusto.com\/site\/contacto\/","title":{"rendered":"Contacto"},"content":{"rendered":"<p>[et_pb_section bb_built=\u00bb1&#8243; admin_label=\u00bbsection\u00bb fullwidth=\u00bbon\u00bb _builder_version=\u00bb3.0.47&#8243;][et_pb_fullwidth_map admin_label=\u00bbFullwidth Map\u00bb address_lat=\u00bb13.6766802194&#8243; address_lng=\u00bb-89.287998085&#8243; _builder_version=\u00bb3.0.66&#8243; _map_version=\u00bb1&#8243; address=\u00bbSanta Tecla, El Salvador\u00bb mouse_wheel=\u00bboff\u00bb mobile_dragging=\u00bbon\u00bb] [et_pb_map_pin title=\u00bbBanderas A Mi Gusto\u00bb pin_address=\u00bbAvenida Dr. Manuel Gallardo, Santa Tecla, El Salvador\u00bb pin_address_lat=\u00bb13.6766397207&#8243; pin_address_lng=\u00bb-89.2879972719&#8243; _builder_version=\u00bb3.0.47&#8243;]<\/p>\n<p>Avenida Manuel Gallardo # 3-3<br \/>\nSanta Tecla, La Libertad. El Salvador, Centroam\u00e9rica<\/p>\n<p>Tel. +503 2228 0474<br \/>\nE-mail:\u00a0info@banderasamigusto.com<\/p>\n<p>[\/et_pb_map_pin] [\/et_pb_fullwidth_map][\/et_pb_section][et_pb_section bb_built=\u00bb1&#8243; admin_label=\u00bbsection\u00bb _builder_version=\u00bb3.0.47&#8243;][et_pb_row admin_label=\u00bbrow\u00bb _builder_version=\u00bb3.0.47&#8243; background_size=\u00bbinitial\u00bb background_position=\u00bbtop_left\u00bb background_repeat=\u00bbrepeat\u00bb][et_pb_column type=\u00bb2_3&#8243;][et_pb_contact_form admin_label=\u00bbContact Form\u00bb title=\u00bbCont\u00e1ctenos\u00bb _builder_version=\u00bb3.0.51&#8243; module_id=\u00bbet_pb_contact_form_0&#8243; email=\u00bbinfo@banderasamigusto.com\u00bb captcha=\u00bbon\u00bb use_redirect=\u00bboff\u00bb input_border_radius=\u00bb0&#8243; border_style=\u00bbsolid\u00bb custom_button=\u00bboff\u00bb button_letter_spacing=\u00bb0&#8243; button_icon_placement=\u00bbright\u00bb button_letter_spacing_hover=\u00bb0&#8243; submit_button_text=\u00bbEnviar\u00bb] [et_pb_contact_field field_id=\u00bbName\u00bb field_title=\u00bbNombre (requerido)\u00bb _builder_version=\u00bb3.0.47&#8243; field_type=\u00bbinput\u00bb checkbox_checked=\u00bboff\u00bb min_length=\u00bb0&#8243; max_length=\u00bb0&#8243; allowed_symbols=\u00bball\u00bb required_mark=\u00bbon\u00bb conditional_logic=\u00bboff\u00bb conditional_logic_relation=\u00bboff\u00bb conditional_logic_rules=\u00bb%91{%22field%22:%22email%22,%22condition%22:%22is%22,%22value%22:%22%22}%93&#8243; fullwidth_field=\u00bbon\u00bb form_field_font_select=\u00bbdefault\u00bb form_field_font=\u00bb||||\u00bb use_border_color=\u00bboff\u00bb border_style=\u00bbsolid\u00bb \/][et_pb_contact_field field_id=\u00bbEmail\u00bb field_title=\u00bbDirecci\u00f3n de correo electr\u00f3nico (requerido)\u00bb field_type=\u00bbemail\u00bb _builder_version=\u00bb3.0.47&#8243; checkbox_checked=\u00bboff\u00bb min_length=\u00bb0&#8243; max_length=\u00bb0&#8243; allowed_symbols=\u00bball\u00bb required_mark=\u00bbon\u00bb conditional_logic=\u00bboff\u00bb conditional_logic_relation=\u00bboff\u00bb conditional_logic_rules=\u00bb%91{%22field%22:%22name%22,%22condition%22:%22is%22,%22value%22:%22%22}%93&#8243; fullwidth_field=\u00bbon\u00bb form_field_font_select=\u00bbdefault\u00bb form_field_font=\u00bb||||\u00bb use_border_color=\u00bboff\u00bb border_style=\u00bbsolid\u00bb \/][et_pb_contact_field field_id=\u00bbMessage\u00bb field_title=\u00bbMensaje (requerido)\u00bb field_type=\u00bbtext\u00bb fullwidth_field=\u00bbon\u00bb _builder_version=\u00bb3.0.47&#8243; checkbox_checked=\u00bboff\u00bb min_length=\u00bb0&#8243; max_length=\u00bb0&#8243; allowed_symbols=\u00bball\u00bb required_mark=\u00bbon\u00bb conditional_logic=\u00bboff\u00bb conditional_logic_relation=\u00bboff\u00bb conditional_logic_rules=\u00bb%91{%22field%22:%22name%22,%22condition%22:%22is%22,%22value%22:%22%22}%93&#8243; form_field_font_select=\u00bbdefault\u00bb form_field_font=\u00bb||||\u00bb use_border_color=\u00bboff\u00bb border_style=\u00bbsolid\u00bb \/] [\/et_pb_contact_form][\/et_pb_column][et_pb_column type=\u00bb1_3&#8243;][et_pb_text admin_label=\u00bbText\u00bb _builder_version=\u00bb3.0.51&#8243; background_size=\u00bbinitial\u00bb background_position=\u00bbtop_left\u00bb background_repeat=\u00bbrepeat\u00bb background_layout=\u00bblight\u00bb text_orientation=\u00bbleft\u00bb border_style=\u00bbsolid\u00bb]<\/p>\n<h3>M\u00e1s informaci\u00f3n<\/h3>\n<p><strong>Direcci\u00f3n:<br \/>\n<\/strong>Avenida Manuel Gallardo # 3-3<br \/>\nSanta Tecla, La Libertad.<br \/>\nEl Salvador, Centroam\u00e9rica<\/p>\n<p><strong>Telefax<\/strong> +503\u00a02228 0474<br \/>\n<strong>Tel\u00e9fono<\/strong> +503\u00a02229 7475<\/p>\n<p><strong>E-mail:<\/strong> info@banderasamigusto.com<\/p>\n<p>[\/et_pb_text][\/et_pb_column][\/et_pb_row][\/et_pb_section]<\/p>\n","protected":false},"excerpt":{"rendered":"<p>Banderas A Mi Gusto Avenida Manuel Gallardo # 3-3 Santa Tecla, La Libertad. El Salvador, Centroam\u00e9rica Tel. +503 2228 0474 E-mail:\u00a0info@banderasamigusto.com Cont\u00e1ctenos Nombre (requerido) Direcci\u00f3n de correo electr\u00f3nico (requerido) Mensaje (requerido) 4 + 6 = Enviar M\u00e1s informaci\u00f3n Direcci\u00f3n: Avenida Manuel Gallardo # 3-3 Santa Tecla, La Libertad. El Salvador, Centroam\u00e9rica Telefax +503\u00a02228 0474 Tel\u00e9fono [&hellip;]<\/p>\n","protected":false},"author":1,"featured_media":0,"parent":0,"menu_order":7,"comment_status":"closed","ping_status":"closed","template":"","meta":{"_et_pb_use_builder":"on","_et_pb_old_content":"","_et_gb_content_width":"","footnotes":""},"_links":{"self":[{"href":"http:\/\/banderasamigusto.com\/site\/wp-json\/wp\/v2\/pages\/53"}],"collection":[{"href":"http:\/\/banderasamigusto.com\/site\/wp-json\/wp\/v2\/pages"}],"about":[{"href":"http:\/\/banderasamigusto.com\/site\/wp-json\/wp\/v2\/types\/page"}],"author":[{"embeddable":true,"href":"http:\/\/banderasamigusto.com\/site\/wp-json\/wp\/v2\/users\/1"}],"replies":[{"embeddable":true,"href":"http:\/\/banderasamigusto.com\/site\/wp-json\/wp\/v2\/comments?post=53"}],"version-history":[{"count":7,"href":"http:\/\/banderasamigusto.com\/site\/wp-json\/wp\/v2\/pages\/53\/revisions"}],"predecessor-version":[{"id":385,"href":"http:\/\/banderasamigusto.com\/site\/wp-json\/wp\/v2\/pages\/53\/revisions\/385"}],"wp:attachment":[{"href":"http:\/\/banderasamigusto.com\/site\/wp-json\/wp\/v2\/media?parent=53"}],"curies":[{"name":"wp","href":"https:\/\/api.w.org\/{rel}","templated":true}]}}

<p>[et_pb_section bb_built=»1&#8243; admin_label=»section» fullwidth=»on» _builder_version=»3.0.47&#8243;][et_pb_fullwidth_map admin_label=»Fullwidth Map» address_lat=»13.6766802194&#8243; address_lng=»-89.287998085&#8243; _builder_version=»3.0.66&#8243; _map_version=»1&#8243; address=»Santa Tecla, El Salvador» mouse_wheel=»off» mobile_dragging=»on»] [et_pb_map_pin title=»Banderas A Mi Gusto» pin_address=»Avenida Dr. Manuel Gallardo, Santa Tecla, El Salvador» pin_address_lat=»13.6766397207&#8243; pin_address_lng=»-89.2879972719&#8243; _builder_version=»3.0.47&#8243;]</p>
<p>Avenida Manuel Gallardo # 3-3<br />
Santa Tecla, La Libertad. El Salvador, Centroamérica</p>
<p>Tel. +503 2228 0474<br />
E-mail: info@banderasamigusto.com</p>
<p>[/et_pb_map_pin] [/et_pb_fullwidth_map][/et_pb_section][et_pb_section bb_built=»1&#8243; admin_label=»section» _builder_version=»3.0.47&#8243;][et_pb_row admin_label=»row» _builder_version=»3.0.47&#8243; background_size=»initial» background_position=»top_left» background_repeat=»repeat»][et_pb_column type=»2_3&#8243;][et_pb_contact_form admin_label=»Contact Form» title=»Contáctenos» _builder_version=»3.0.51&#8243; module_id=»et_pb_contact_form_0&#8243; email=»info@banderasamigusto.com» captcha=»on» use_redirect=»off» input_border_radius=»0&#8243; border_style=»solid» custom_button=»off» button_letter_spacing=»0&#8243; button_icon_placement=»right» button_letter_spacing_hover=»0&#8243; submit_button_text=»Enviar»] [et_pb_contact_field field_id=»Name» field_title=»Nombre (requerido)» _builder_version=»3.0.47&#8243; field_type=»input» checkbox_checked=»off» min_length=»0&#8243; max_length=»0&#8243; allowed_symbols=»all» required_mark=»on» conditional_logic=»off» conditional_logic_relation=»off» conditional_logic_rules=»%91{%22field%22:%22email%22,%22condition%22:%22is%22,%22value%22:%22%22}%93&#8243; fullwidth_field=»on» form_field_font_select=»default» form_field_font=»||||» use_border_color=»off» border_style=»solid» /][et_pb_contact_field field_id=»Email» field_title=»Dirección de correo electrónico (requerido)» field_type=»email» _builder_version=»3.0.47&#8243; checkbox_checked=»off» min_length=»0&#8243; max_length=»0&#8243; allowed_symbols=»all» required_mark=»on» conditional_logic=»off» conditional_logic_relation=»off» conditional_logic_rules=»%91{%22field%22:%22name%22,%22condition%22:%22is%22,%22value%22:%22%22}%93&#8243; fullwidth_field=»on» form_field_font_select=»default» form_field_font=»||||» use_border_color=»off» border_style=»solid» /][et_pb_contact_field field_id=»Message» field_title=»Mensaje (requerido)» field_type=»text» fullwidth_field=»on» _builder_version=»3.0.47&#8243; checkbox_checked=»off» min_length=»0&#8243; max_length=»0&#8243; allowed_symbols=»all» required_mark=»on» conditional_logic=»off» conditional_logic_relation=»off» conditional_logic_rules=»%91{%22field%22:%22name%22,%22condition%22:%22is%22,%22value%22:%22%22}%93&#8243; form_field_font_select=»default» form_field_font=»||||» use_border_color=»off» border_style=»solid» /] [/et_pb_contact_form][/et_pb_column][et_pb_column type=»1_3&#8243;][et_pb_text admin_label=»Text» _builder_version=»3.0.51&#8243; background_size=»initial» background_position=»top_left» background_repeat=»repeat» background_layout=»light» text_orientation=»left» border_style=»solid»]</p>
<h3>Más información</h3>
<p><strong>Dirección:<br />
</strong>Avenida Manuel Gallardo # 3-3<br />
Santa Tecla, La Libertad.<br />
El Salvador, Centroamérica</p>
<p><strong>Telefax</strong> +503 2228 0474<br />
<strong>Teléfono</strong> +503 2229 7475</p>
<p><strong>E-mail:</strong> info@banderasamigusto.com</p>
<p>[/et_pb_text][/et_pb_column][/et_pb_row][/et_pb_section]</p>

<p>Banderas A Mi Gusto Avenida Manuel Gallardo # 3-3 Santa Tecla, La Libertad. El Salvador, Centroamérica Tel. +503 2228 0474 E-mail: info@banderasamigusto.com Contáctenos Nombre (requerido) Dirección de correo electrónico (requerido) Mensaje (requerido) 4 + 6 = Enviar Más información Dirección: Avenida Manuel Gallardo # 3-3 Santa Tecla, La Libertad. El Salvador, Centroamérica Telefax +503 2228 0474 Teléfono [&hellip;]</p>
